0101100101100 (base 2) to base 4.
-101312230230
What is 11011010001010111100010 (base 2) in base 15?
96336b
Convert 63032620 (base 7) to base 6.
305352054
Convert -12511 (base 14) to base 9.
-67527
What is 1012230100 (base 4) in base 8?
1065420
Convert 12114431 (base 7) to base 8.
4074527
-ed7ce7 (base 16) to base 2
-111011010111110011100111
Convert -29e23 (base 15) to base 16.
-20e98
Convert 54ce6 (base 16) to base 15.
6cdcb
What is 2038780 (base 12) in base 11?
3461866
What is -66033450 (base 7) in base 5?
-2421434430
-9a11a (base 12) to base 2
-110001110100100110
Convert -10322411 (base 5) to base 16.
-15c12
295ba6 (base 14) to base 13
3b4354
What is 1110010110111111010111 (base 2) in base 3?
21002020111012
What is 3ea28 (base 15) in base 4?
301023011
Convert 294172 (base 10) to base 6.
10145524
Convert f43c3 (base 16) to base 14.
1c0803
11ac84c (base 13) to base 12
1a19630
What is -1c9e9c (base 15) in base 10?
-1400547
What is -11655050 (base 9) in base 7?
-66331143
-20010222131 (base 4) to base 10
-2116253
655016 (base 10) to base 7
5365445
-20101112211 (base 3) to base 16
-1eb5c
What is 9192a (base 13) in base 7?
2134234
Convert -1388566 (base 9) to base 5.
-144023443
What is a13061 (base 11) in base 6?
54530351
What is 6654710 (base 8) in base 16?
1b59c8
Convert 4040144 (base 7) to base 5.
110332111
13b938c (base 13) to base 6
342300035
Convert -3204527 (base 8) to base 14.
-1834d9
Convert 1020002424 (base 6) to base 2.
101000100101001101010000
What is -3056360 (base 7) in base 9?
-618628
What is -349969 (base 10) in base 7?
-2655214
What is -220414 (base 5) in base 13?
-3604
-800aa2 (base 11) to base 2
-100111010111000000010
What is -31879 (base 11) in base 10?
-46308
Convert -1001000111100110011000 (base 2) to base 5.
-1102443144
Convert 35f53 (base 16) to base 12.
a7a97
Convert -261432 (base 7) to base 8.
-136706
Convert -7487745 (base 9) to base 16.
-3d4192
What is -643334 (base 8) in base 12?
-a4338
What is -268fa (base 16) in base 12?
-774a2
-235512130 (base 7) to base 2
-110111111110111011010100
-159681 (base 10) to base 2
-100110111111000001
What is 6b718 (base 15) in base 10?
342473
Convert e5191d (base 15) to base 9.
22437001
Convert -1315abb (base 12) to base 10.
-3763439
What is c9dd97 (base 16) in base 6?
1151315303
-50520324 (base 6) to base 14
-297364
-1300102 (base 4) to base 3
-100212011
Convert 3311a94 (base 11) to base 6.
324345505
Convert 11100000110000101 (base 2) to base 12.
56719
What is 10010000010110100 (base 2) in base 12?
36930
Convert 61313 (base 9) to base 14.
109c2
What is -7963cc (base 13) in base 4?
-22330223011
-101100011011101 (base 2) to base 9
-34176
Convert 32133165 (base 8) to base 2.
11010001011011001110101
-580104 (base 10) to base 11
-366928
What is 133032000300 (base 4) in base 14?
1130652
Convert -1b391 (base 14) to base 9.
-115066
What is 82d95e (base 15) in base 3?
102201010022022
Convert 2632b (base 16) to base 6.
3204203
Convert 163730 (base 12) to base 16.
5ca54
45b0a8 (base 16) to base 3
22121001000212
Convert -375516 (base 9) to base 15.
-47479
33435331 (base 6) to base 15
15106a
What is -a307 (base 15) in base 16?
-8680
-c80d79 (base 14) to base 4
-121303111133
-3122522 (base 6) to base 3
-21200002012
13355356 (base 7) to base 3
2100001002021
431012 (base 5) to base 15
4472
Convert -345100 (base 10) to base 8.
-1242014
What is 3520746 (base 10) in base 16?
35b8ea
Convert 28a72 (base 14) to base 4.
120213230
What is 10054211 (base 6) in base 16?
4627f
Convert 2632366 (base 7) to base 14.
8d636
Convert -a39165 (base 11) to base 2.
-110010110111000101100
Convert 37b99 (base 16) to base 2.
110111101110011001
What is -4611052 (base 10) in base 3?
-22200021011201
Convert -100111110001000010011000 (base 2) to base 15.
-dadaec
Convert 14624000 (base 8) to base 2.
1100110010100000000000
Convert 1419635 (base 11) to base 6.
124210513
What is -1111021022 (base 3) in base 4?
-13022231
Convert 132462053 (base 7) to base 13.
1a060c9
Convert -10000110100010101011000 (base 2) to base 4.
-100310111120
Convert -154514103 (base 6) to base 4.
-30213113313
What is 12b765 (base 14) in base 5?
131140201
1024501 (base 6) to base 9
75881
Convert 3da913 (base 16) to base 10.
4040979
-142244133 (base 5) to base 6
-23534524
111110222121 (base 3) to base 4
1000302001
Convert -2304165 (base 7) to base 6.
-10053323
-a774 (base 14) to base 10
-28914
What is -100121210012100 (base 3) in base 11?
-2982810
Convert 2531300 (base 6) to base 15.
2a639
Convert -2521030 (base 6) to base 12.
-66176
-32331130 (base 4) to base 8
-167534
Convert 144031241 (base 5) to base 6.
24242052
What is -2002040 (base 7) in base 14?
-62020
7392356 (base 10) to base 13
16ba99a
-126b2c8 (base 14) to base 12
-2b77054
Convert 332223303 (base 5) to base 12.
5985a5
Convert 223001 (base 14) to base 16.
11b609
Convert 24e57 (base 16) to base 3.
21200022022
-1021431124 (base 5) to base 9
-4020805
Convert -103022242 (base 5) to base 12.
-192114
What is 1010112202102 (base 3) in base 12?
24bb3b
What is -1011010100100111110 (base 2) in base 7?
-3103436
-3252710 (base 8) to base 14
-18a6b6
Convert -4473344 (base 10) to base 2.
-10001000100001000000000
What is -3bf93e (base 16) in base 13?
-a77cca
What is -31784 (base 14) in base 7?
-1005224
-1011000010110001101100 (base 2) to base 6
-142014324
What is c18c (base 13) in base 9?
40500
Convert 1086014 (base 9) to base 16.
8fa1c
Convert 11000110111010111 (base 2) to base 5.
11224342
What is -1010110101111010001 (base 2) in base 8?
-1265721
32424172 (base 8) to base 14
cd15b4
-3120311 (base 6) to base 5
-14303301
What is -143625 (base 8) in base 16?
-c795
Convert -1501 (base 16) to base 6.
-40521
e54b15 (base 15) to base 9
22453442
-3031043 (base 5) to base 2
-1011111100000010
What is -25005104 (base 7) in base 5?
-1033041344
834b8 (base 14) to base 6
10441150
Convert 58141 (base 12) to base 4.
130233001
Convert 12955 (base 15) to base 9.
100528
What is 822443 (base 10) in base 8?
3106253
389e1f (base 16) to base 8
16117037
-1b4a9a6 (base 14) to base 3
-221122101221111
Convert -100111010000100010011 (base 2) to base 9.
-2370564
Convert 9b10b1 (base 15) to base 7.
116566105
-200133101201 (base 4) to base 10
-8516705
Convert 4401303300 (base 5) to base 11.
5340774
Convert -202011314 (base 6) to base 10.
-3454174
Convert -3c2bcb (base 13) to base 11.
-90a219
What is 1162d (base 15) in base 8?
154141
-10434223 (base 6) to base 15
-638d9
What is -14244212 (base 5) in base 11?
-a2712
What is -11003220203 (base 4) in base 12?
-53b16b
Convert 716924 (base 10) to base 16.
af07c
Convert 10421442043 (base 5) to base 13.
2502493
60962 (base 16) to base 6
12251322
Convert -2212301 (base 7) to base 3.
-111211022112
Convert 2386876 (base 12) to base 2.
11010010011100101011010
5803896 (base 11) to base 9
21081838
11111011110100001011 (base 2) to base 11
644a29
a0756 (base 11) to base 3
21111002020
Convert 56681 (base 9) to base 7.
215011
What is -159d79 (base 15) in base 8?
-3772632
181d0 (base 14) to base 7
342050
Convert -10110434 (base 5) to base 2.
-10100000001001010
-31523 (base 13) to base 2
-10101101010110010
Convert 38dcb7 (base 16) to base 7.
43450326
What is -1320350 (base 6) in base 15?
-16829
What is -22330100 (base 4) in base 8?
-127420
Convert 1033400 (base 5) to base 12.
a49b
-301210211 (base 6) to base 8
-23355537
What is 122001211022 (base 3) in base 10?
335942
Convert 6baf1b (base 16) to base 8.
32727433
Convert -320300123 (base 4) to base 10.
-232475
-220203124 (base 5) to base 6
-32123044
What is 210003012 (base 4) in base 15?
2db39
-21210301 (base 4) to base 11
-27512
What is -2216053 (base 8) in base 5?
-123101120
What is -1116144 (base 8) in base 5?
-34132210
Convert -211341440 (base 5) to base 7.
-10353233
What is 100010101000101010 (base 2) in base 10?
141866
367470 (base 14) to base 15
26c4a8
200311021 (base 4) to base 5
13300343
What is -11001100100100010 (base 2) in base 13?
-3889a
What is -20105312 (base 6) in base 16?
-8ae0c
What is 40430243 (base 5) in base 4?
1033310210
Convert 1000011100100011111 (base 2) to base 6.
5533155
Convert 265803 (base 10) to base 5.
32001203
-2105500 (base 6) to base 9
-165350
What is aea501 (base 15) in base 2?
11111110011011111100000
Convert -78557 (base 11) 